{"id":3627,"date":"2026-04-13T20:40:20","date_gmt":"2026-04-13T20:40:20","guid":{"rendered":"https:\/\/cyberalsace.com\/?page_id=3627"},"modified":"2026-04-13T20:40:20","modified_gmt":"2026-04-13T20:40:20","slug":"ldkndnbpoicnpbo","status":"publish","type":"page","link":"https:\/\/cyberalsace.com\/index.php\/ldkndnbpoicnpbo\/","title":{"rendered":"ldkndnbpoic,npbo"},"content":{"rendered":"\n<div class=\"wp-block-greenshift-blocks-row gspb_row gspb_row-id-gsbp-66ad009\" id=\"gspb_row-id-gsbp-66ad009\"><div class=\"gspb_row__content\"> \n<div class=\"wp-block-greenshift-blocks-row-column gspb_row__col--12 gspb_col-id-gsbp-adaf920\" id=\"gspb_col-id-gsbp-adaf920\">\n<h1 id=\"gspb_heading-id-gsbp-f1dfe69\" class=\"gspb_heading gspb_heading-id-gsbp-f1dfe69 \">cgvkjbnclxmvkb<\/h1>\n\n\n\n<div id=\"gspb_text-id-gsbp-29cfe72\" class=\"gspb_text gspb_text-id-gsbp-29cfe72 \">xb,f vlmkjxcnvbmlkfdx, noipdf, o^pifdg, go^pid, bopdfgml, bdopl khb,d b<br>d\u00f9<br> hbdtkp;,f $^pfy <br>f j<br>gh njnfg jg jf h\u00f4pmdft, \u00f4pedrj\u00f4eisrj, gopdj, pgodrn hgmtdf nlgf!,nmogl<\/div>\n\n\n\n<div class=\"wp-block-greenshift-blocks-container gspb_container gspb_container-gsbp-9e6f7e5\" id=\"gspb_container-id-gsbp-9e6f7e5\">\n<div class=\"wp-block-greenshift-blocks-container gspb_container gspb_container-gsbp-7e88a94\" id=\"gspb_container-id-gsbp-7e88a94\">\n<h2 id=\"gspb_heading-id-gsbp-b91010f\" class=\"gspb_heading gspb_heading-id-gsbp-b91010f \">cvnvbnvbnvb<\/h2>\n<\/div>\n\n\n\n<div class=\"wp-block-greenshift-blocks-container gspb_container gspb_container-gsbp-5c88c14\" id=\"gspb_container-id-gsbp-5c88c14\"><\/div>\n\n\n\n<div class=\"wp-block-greenshift-blocks-container gspb_container gspb_container-gsbp-e6cba00\" id=\"gspb_container-id-gsbp-e6cba00\">\n<span class=\"gsbp-e5e1b66\" data-text-animated=\"[]\" data-text-animated-speed=\"3000\" data-text-animated-effect=\"slideTop\">cvbvcbcvbcvText Animated<\/span>\n<\/div>\n\n\n\n<div class=\"wp-block-greenshift-blocks-container gspb_container gspb_container-gsbp-a8fe6df\" id=\"gspb_container-id-gsbp-a8fe6df\">\n<h2 id=\"gspb_heading-id-gsbp-17aaf72\" class=\"gspb_heading gspb_heading-id-gsbp-17aaf72 \">cvbvcbvcbcvbcvbvcbcvbc<\/h2>\n<\/div>\n<\/div>\n<\/div>\n <\/div><\/div>\n\n\n\n<p class=\"has-x-large-font-size\"><\/p>\n","protected":false},"excerpt":{"rendered":"","protected":false},"author":1,"featured_media":0,"parent":0,"menu_order":0,"comment_status":"closed","ping_status":"closed","template":"","meta":{"_gspb_post_css":"#gspb_row-id-gsbp-66ad009{justify-content:space-between;margin-top:0;margin-bottom:0;display:flex;flex-wrap:wrap;background-image:url(https:\/\/cyberalsace.com\/wp-content\/uploads\/2026\/04\/fond1-1.png)}#gspb_row-id-gsbp-66ad009>.gspb_row__content{display:flex;justify-content:space-between;margin:0 auto;width:100%;flex-wrap:wrap}.gspb_row{position:relative}div[id^=gspb_col-id]{box-sizing:border-box;position:relative;padding:var(--gs-row-column-padding, 15px min(3vw, 20px))}body.gspb-bodyfront #gspb_row-id-gsbp-66ad009>.gspb_row__content{width:var(--theme-container-width, 1200px);max-width:var(--theme-normal-container-max-width, 1200px)}#gspb_col-id-gsbp-adaf920.gspb_row__col--12{width:100%}@media (max-width:575.98px){#gspb_col-id-gsbp-adaf920.gspb_row__col--12{width:100%}}#gspb_heading-id-gsbp-f1dfe69,#gspb_heading-id-gsbp-f1dfe69 .gsap-g-line{text-align:center!important}#gspb_heading-id-gsbp-f1dfe69{color:#fff}.gspb_container-id-gsbp-5c88c14,.gspb_container-id-gsbp-7e88a94,.gspb_container-id-gsbp-9e6f7e5,.gspb_container-id-gsbp-a8fe6df,.gspb_container-id-gsbp-e6cba00{flex-direction:column;box-sizing:border-box}#gspb_container-id-gsbp-5c88c14.gspb_container>p:last-of-type,#gspb_container-id-gsbp-7e88a94.gspb_container>p:last-of-type,#gspb_container-id-gsbp-9e6f7e5.gspb_container>p:last-of-type,#gspb_container-id-gsbp-a8fe6df.gspb_container>p:last-of-type,#gspb_container-id-gsbp-e6cba00.gspb_container>p:last-of-type{margin-bottom:0}#gspb_container-id-gsbp-9e6f7e5.gspb_container{position:relative;display:grid;grid-template-columns:repeat(3,minmax(0,1fr));row-gap:20px;column-gap:20px}@media (max-width:991.98px){#gspb_container-id-gsbp-9e6f7e5.gspb_container{grid-template-columns:repeat(2,minmax(0,1fr))}}@media (max-width:575.98px){#gspb_container-id-gsbp-9e6f7e5.gspb_container{grid-template-columns:repeat(1,minmax(0,1fr))}}#gspb_container-id-gsbp-9e6f7e5.gspb_container{box-sizing:border-box}body.gspb-bodyfront #gspb_container-id-gsbp-7e88a94.gspb_container{grid-column-start:1;grid-column-end:2;grid-row-start:1;grid-row-end:2}@media (max-width:991.98px){body.gspb-bodyfront #gspb_container-id-gsbp-7e88a94.gspb_container{grid-column-start:1;grid-column-end:2;grid-row-start:1;grid-row-end:2}}@media (max-width:575.98px){body.gspb-bodyfront #gspb_container-id-gsbp-7e88a94.gspb_container{grid-column-start:1;grid-column-end:2;grid-row-start:1;grid-row-end:2}}body.gspb-bodyfront #gspb_container-id-gsbp-5c88c14.gspb_container{grid-column-start:2;grid-column-end:3;grid-row-start:1;grid-row-end:2}@media (max-width:991.98px){body.gspb-bodyfront #gspb_container-id-gsbp-5c88c14.gspb_container{grid-column-start:2;grid-column-end:3;grid-row-start:1;grid-row-end:2}}@media (max-width:575.98px){body.gspb-bodyfront #gspb_container-id-gsbp-5c88c14.gspb_container{grid-column-start:1;grid-column-end:2;grid-row-start:2;grid-row-end:3}}#gspb_container-id-gsbp-5c88c14.gspb_container,#gspb_container-id-gsbp-7e88a94.gspb_container,#gspb_container-id-gsbp-a8fe6df.gspb_container,#gspb_container-id-gsbp-e6cba00.gspb_container{position:relative;box-sizing:border-box}body.gspb-bodyfront #gspb_container-id-gsbp-e6cba00.gspb_container{grid-column-start:3;grid-column-end:4;grid-row-start:1;grid-row-end:2}@media (max-width:991.98px){body.gspb-bodyfront #gspb_container-id-gsbp-e6cba00.gspb_container{grid-column-start:1;grid-column-end:2;grid-row-start:2;grid-row-end:3}}@media (max-width:575.98px){body.gspb-bodyfront #gspb_container-id-gsbp-e6cba00.gspb_container{grid-column-start:1;grid-column-end:2;grid-row-start:3;grid-row-end:4}}body.gspb-bodyfront #gspb_container-id-gsbp-a8fe6df.gspb_container{grid-column-start:1;grid-column-end:4;grid-row-start:2;grid-row-end:3}@media (max-width:991.98px){body.gspb-bodyfront #gspb_container-id-gsbp-a8fe6df.gspb_container{grid-column-start:2;grid-column-end:3;grid-row-start:2;grid-row-end:3}}@media (max-width:575.98px){body.gspb-bodyfront #gspb_container-id-gsbp-a8fe6df.gspb_container{grid-column-start:1;grid-column-end:2;grid-row-start:4;grid-row-end:5}}.gspb-bodyfront .gsbp-e5e1b66>span{position:absolute;width:100%;transition:transform .5s,opacity .5s}.gsbp-e5e1b66{font-size:30px;position:relative;height:30px;line-height:30px;display:inline-block}#gspb_heading-id-gsbp-17aaf72,#gspb_heading-id-gsbp-17aaf72 .gsap-g-line{text-align:center!important}","footnotes":""},"class_list":["post-3627","page","type-page","status-publish","hentry"],"blocksy_meta":[],"_links":{"self":[{"href":"https:\/\/cyberalsace.com\/index.php\/wp-json\/wp\/v2\/pages\/3627","targetHints":{"allow":["GET"]}}],"collection":[{"href":"https:\/\/cyberalsace.com\/index.php\/wp-json\/wp\/v2\/pages"}],"about":[{"href":"https:\/\/cyberalsace.com\/index.php\/wp-json\/wp\/v2\/types\/page"}],"author":[{"embeddable":true,"href":"https:\/\/cyberalsace.com\/index.php\/wp-json\/wp\/v2\/users\/1"}],"replies":[{"embeddable":true,"href":"https:\/\/cyberalsace.com\/index.php\/wp-json\/wp\/v2\/comments?post=3627"}],"version-history":[{"count":4,"href":"https:\/\/cyberalsace.com\/index.php\/wp-json\/wp\/v2\/pages\/3627\/revisions"}],"predecessor-version":[{"id":3631,"href":"https:\/\/cyberalsace.com\/index.php\/wp-json\/wp\/v2\/pages\/3627\/revisions\/3631"}],"wp:attachment":[{"href":"https:\/\/cyberalsace.com\/index.php\/wp-json\/wp\/v2\/media?parent=3627"}],"curies":[{"name":"wp","href":"https:\/\/api.w.org\/{rel}","templated":true}]}}